{"id":2,"date":"2025-08-13T19:25:49","date_gmt":"2025-08-13T17:25:49","guid":{"rendered":"http:\/\/2bara\/?page_id=2"},"modified":"2025-08-22T20:50:38","modified_gmt":"2025-08-22T20:50:38","slug":"page-d-exemple","status":"publish","type":"page","link":"https:\/\/2bara.net\/?page_id=2","title":{"rendered":"A propos de 2Bara"},"content":{"rendered":"\n<blockquote class=\"wp-block-quote is-layout-flow wp-block-quote-is-layout-flow\">\n<p>Trouver de bonnes affaires pr\u00e8s de chez soi devrait \u00eatre simple et rapide.<\/p>\n\n\n\n<p>C\u2019est dans cet esprit que <strong>2Bara<\/strong> a vu le jour : une plateforme ivoirienne qui met en relation les particuliers souhaitant <strong>vendre, acheter ou proposer des services localement<\/strong>, au plus proche de la population.<\/p>\n\n\n\n<p>Sur 2Bara, chacun peut :<\/p>\n\n\n\n<ul class=\"wp-block-list\">\n<li>publier et consulter des annonces,<\/li>\n\n\n\n<li>d\u00e9couvrir facilement des biens ou services disponibles autour de lui,<\/li>\n\n\n\n<li>entrer en contact directement avec les vendeurs ou prestataires pour conclure des transactions en toute autonomie.<\/li>\n<\/ul>\n\n\n\n<p>Gr\u00e2ce \u00e0 son portail moderne et accessible, <strong>2Bara favorise l\u2019\u00e9conomie locale<\/strong>, tout en offrant des solutions de diffusion et de visibilit\u00e9 adapt\u00e9es aux besoins des utilisateurs et annonceurs.<\/p>\n\n\n\n<p class=\"has-text-align-center has-medium-font-size\"><strong>Achetez, vendez, \u00e9changez : 2Bara simplifie vos transactions au quotidien.<\/strong><\/p>\n\n\n\n<p>Cr\u00e9\u00e9e en <strong>2025<\/strong> et bas\u00e9e \u00e0 <strong>Tengrela, en C\u00f4te d\u2019Ivoire<\/strong>, 2Bara s\u2019engage \u00e0 accompagner ses utilisateurs au quotidien avec un service simple, pratique et tourn\u00e9 vers la proximit\u00e9.<\/p>\n<\/blockquote>\n","protected":false},"excerpt":{"rendered":"","protected":false},"author":1,"featured_media":0,"parent":0,"menu_order":0,"comment_status":"closed","ping_status":"open","template":"","meta":{"footnotes":""},"class_list":["post-2","page","type-page","status-publish","hentry"],"yoast_head":"<!-- This site is optimized with the Yoast SEO plugin v25.9 - https:\/\/yoast.com\/wordpress\/plugins\/seo\/ -->\n<title>A propos de 2Bara - 2bara<\/title>\n<meta name=\"robots\" content=\"index, follow, max-snippet:-1, max-image-preview:large, max-video-preview:-1\" \/>\n<link rel=\"canonical\" href=\"https:\/\/2bara.net\/?page_id=2\" \/>\n<meta property=\"og:locale\" content=\"fr_FR\" \/>\n<meta property=\"og:type\" content=\"article\" \/>\n<meta property=\"og:title\" content=\"A propos de 2Bara - 2bara\" \/>\n<meta property=\"og:url\" content=\"https:\/\/2bara.net\/?page_id=2\" \/>\n<meta property=\"og:site_name\" content=\"2bara\" \/>\n<meta property=\"article:modified_time\" content=\"2025-08-22T20:50:38+00:00\" \/>\n<meta name=\"twitter:card\" content=\"summary_large_image\" \/>\n<meta name=\"twitter:label1\" content=\"Dur\u00e9e de lecture estim\u00e9e\" \/>\n\t<meta name=\"twitter:data1\" content=\"1 minute\" \/>\n<script type=\"application\/ld+json\" class=\"yoast-schema-graph\">{\"@context\":\"https:\/\/schema.org\",\"@graph\":[{\"@type\":\"WebPage\",\"@id\":\"https:\/\/2bara.net\/?page_id=2\",\"url\":\"https:\/\/2bara.net\/?page_id=2\",\"name\":\"A propos de 2Bara - 2bara\",\"isPartOf\":{\"@id\":\"https:\/\/2bara.net\/#website\"},\"datePublished\":\"2025-08-13T17:25:49+00:00\",\"dateModified\":\"2025-08-22T20:50:38+00:00\",\"breadcrumb\":{\"@id\":\"https:\/\/2bara.net\/?page_id=2#breadcrumb\"},\"inLanguage\":\"fr-FR\",\"potentialAction\":[{\"@type\":\"ReadAction\",\"target\":[\"https:\/\/2bara.net\/?page_id=2\"]}]},{\"@type\":\"BreadcrumbList\",\"@id\":\"https:\/\/2bara.net\/?page_id=2#breadcrumb\",\"itemListElement\":[{\"@type\":\"ListItem\",\"position\":1,\"name\":\"Accueil\",\"item\":\"https:\/\/2bara.net\/\"},{\"@type\":\"ListItem\",\"position\":2,\"name\":\"A propos de 2Bara\"}]},{\"@type\":\"WebSite\",\"@id\":\"https:\/\/2bara.net\/#website\",\"url\":\"https:\/\/2bara.net\/\",\"name\":\"2bara\",\"description\":\"Y a deal, y a bara !\",\"potentialAction\":[{\"@type\":\"SearchAction\",\"target\":{\"@type\":\"EntryPoint\",\"urlTemplate\":\"https:\/\/2bara.net\/?s={search_term_string}\"},\"query-input\":{\"@type\":\"PropertyValueSpecification\",\"valueRequired\":true,\"valueName\":\"search_term_string\"}}],\"inLanguage\":\"fr-FR\"}]}<\/script>\n<!-- \/ Yoast SEO plugin. -->","yoast_head_json":{"title":"A propos de 2Bara - 2bara","robots":{"index":"index","follow":"follow","max-snippet":"max-snippet:-1","max-image-preview":"max-image-preview:large","max-video-preview":"max-video-preview:-1"},"canonical":"https:\/\/2bara.net\/?page_id=2","og_locale":"fr_FR","og_type":"article","og_title":"A propos de 2Bara - 2bara","og_url":"https:\/\/2bara.net\/?page_id=2","og_site_name":"2bara","article_modified_time":"2025-08-22T20:50:38+00:00","twitter_card":"summary_large_image","twitter_misc":{"Dur\u00e9e de lecture estim\u00e9e":"1 minute"},"schema":{"@context":"https:\/\/schema.org","@graph":[{"@type":"WebPage","@id":"https:\/\/2bara.net\/?page_id=2","url":"https:\/\/2bara.net\/?page_id=2","name":"A propos de 2Bara - 2bara","isPartOf":{"@id":"https:\/\/2bara.net\/#website"},"datePublished":"2025-08-13T17:25:49+00:00","dateModified":"2025-08-22T20:50:38+00:00","breadcrumb":{"@id":"https:\/\/2bara.net\/?page_id=2#breadcrumb"},"inLanguage":"fr-FR","potentialAction":[{"@type":"ReadAction","target":["https:\/\/2bara.net\/?page_id=2"]}]},{"@type":"BreadcrumbList","@id":"https:\/\/2bara.net\/?page_id=2#breadcrumb","itemListElement":[{"@type":"ListItem","position":1,"name":"Accueil","item":"https:\/\/2bara.net\/"},{"@type":"ListItem","position":2,"name":"A propos de 2Bara"}]},{"@type":"WebSite","@id":"https:\/\/2bara.net\/#website","url":"https:\/\/2bara.net\/","name":"2bara","description":"Y a deal, y a bara !","potentialAction":[{"@type":"SearchAction","target":{"@type":"EntryPoint","urlTemplate":"https:\/\/2bara.net\/?s={search_term_string}"},"query-input":{"@type":"PropertyValueSpecification","valueRequired":true,"valueName":"search_term_string"}}],"inLanguage":"fr-FR"}]}},"_links":{"self":[{"href":"https:\/\/2bara.net\/index.php?rest_route=\/wp\/v2\/pages\/2","targetHints":{"allow":["GET"]}}],"collection":[{"href":"https:\/\/2bara.net\/index.php?rest_route=\/wp\/v2\/pages"}],"about":[{"href":"https:\/\/2bara.net\/index.php?rest_route=\/wp\/v2\/types\/page"}],"author":[{"embeddable":true,"href":"https:\/\/2bara.net\/index.php?rest_route=\/wp\/v2\/users\/1"}],"replies":[{"embeddable":true,"href":"https:\/\/2bara.net\/index.php?rest_route=%2Fwp%2Fv2%2Fcomments&post=2"}],"version-history":[{"count":14,"href":"https:\/\/2bara.net\/index.php?rest_route=\/wp\/v2\/pages\/2\/revisions"}],"predecessor-version":[{"id":316,"href":"https:\/\/2bara.net\/index.php?rest_route=\/wp\/v2\/pages\/2\/revisions\/316"}],"wp:attachment":[{"href":"https:\/\/2bara.net\/index.php?rest_route=%2Fwp%2Fv2%2Fmedia&parent=2"}],"curies":[{"name":"wp","href":"https:\/\/api.w.org\/{rel}","templated":true}]}}